on factor of 220 and 20?
20
Calculate the highest common factor of 28 and 854.
14
Calculate the highest common factor of 200 and 275.
25
What is the highest common factor of 3852 and 36?
36
What is the greatest common factor of 9575 and 25?
25
What is the greatest common factor of 56 and 12?
4
Calculate the greatest common divisor of 5 and 1895.
5
Calculate the greatest common divisor of 60 and 420.
60
What is the highest common divisor of 18 and 42?
6
Calculate the greatest common divisor of 13 and 858.
13
What is the highest common divisor of 2992 and 17?
17
What is the highest common factor of 6882 and 222?
222
What is the highest common divisor of 42 and 21?
21
What is the highest common factor of 42 and 18?
6
Calculate the highest common factor of 97 and 97.
97
What is the greatest common factor of 56 and 2268?
28
Calculate the highest common factor of 170 and 575.
5
What is the greatest common divisor of 1058 and 1656?
46
Calculate the highest common divisor of 14 and 532.
14
Calculate the greatest common factor of 7390 and 90.
10
Calculate the highest common factor of 26 and 17797.
13
Calculate the greatest common factor of 20 and 484.
4
Calculate the greatest common factor of 7250 and 2000.
250
Calculate the highest common factor of 20 and 5.
5
What is the greatest common factor of 12 and 1578?
6
What is the greatest common divisor of 23959 and 988?
247
What is the highest common divisor of 2116 and 6?
2
Calculate the highest common divisor of 10 and 40.
10
What is the greatest common factor of 4792 and 8?
8
What is the greatest common divisor of 60 and 1104?
12
Calculate the highest common factor of 748 and 8789.
187
What is the greatest common factor of 12 and 12?
12
What is the highest common divisor of 3987 and 225?
9
What is the greatest common factor of 7544 and 41?
41
Calculate the highest common divisor of 9 and 909.
9
Calculate the highest common factor of 2128 and 896.
112
What is the greatest common factor of 495 and 765?
45
What is the greatest common factor of 30355 and 26?
13
Calculate the greatest common factor of 78 and 130.
26
What is the greatest common factor of 73 and 17447?
73
What is the greatest common divisor of 38 and 8759?
19
What is the greatest common divisor of 140 and 63?
7
Calculate the highest common divisor of 21 and 15.
3
Calculate the greatest common divisor of 30 and 240.
30
Calculate the highest common factor of 18 and 2.
2
Calculate the greatest common factor of 126 and 182.
14
Calculate the highest common divisor of 5 and 4045.
5
Calculate the highest common divisor of 8470 and 70.
70
Calculate the highest common factor of 5512 and 104.
104
Calculate the highest common divisor of 36 and 816.
12
Calculate the greatest common factor of 558 and 90.
18
Calculate the highest common divisor of 549 and 9.
9
What is the greatest common divisor of 630 and 10?
10
What is the greatest common factor of 969 and 357?
51
Calculate the greatest common factor of 41451 and 123.
123
Calculate the highest common divisor of 7956 and 24.
12
Calculate the highest common divisor of 297 and 144.
9
What is the greatest common factor of 57 and 6973?
19
What is the highest common divisor of 70 and 7294?
14
Calculate the highest common factor of 51 and 131.
1
What is the highest common factor of 407 and 88?
11
Calculate the greatest common factor of 6 and 507.
3
What is the greatest common factor of 21 and 14?
7
What is the greatest common divisor of 707 and 7?
7
What is the highest common divisor of 54 and 144?
18
Calculate the highest common factor of 3 and 93.
3
What is the greatest common factor of 84 and 147?
21
Calculate the highest common divisor of 513 and 108.
27
Calculate the greatest common factor of 4 and 22.
2
What is the highest common divisor of 2144 and 48?
16
Calculate the highest common divisor of 27 and 6912.
27
Calculate the greatest common factor of 90 and 390.
30
Calculate the greatest common factor of 490 and 50.
10
Calculate the highest common divisor of 12 and 33.
3
What is the highest common factor of 2656 and 160?
32
Calculate the highest common divisor of 1647 and 488.
61
What is the greatest common factor of 750 and 426?
6
Calculate the greatest common factor of 328 and 34276.
164
Calculate the greatest common factor of 28 and 1876.
28
Calculate the greatest common factor of 30 and 138.
6
What is the greatest common divisor of 20 and 46?
2
What is the highest common factor of 270 and 470?
10
What is the highest common factor of 12 and 24?
12
What is the greatest common divisor of 1876 and 7?
7
Calculate the highest common divisor of 276 and 24.
12
What is the highest common divisor of 8 and 4?
4
What is the greatest common factor of 5882 and 68?
34
Calculate the highest common factor of 18 and 16398.
18
What is the greatest common divisor of 20139 and 42?
21
What is the greatest common factor of 5 and 2?
1
What is the greatest common divisor of 160 and 4064?
32
What is the greatest common factor of 132 and 84?
12
What is the greatest common divisor of 2379 and 39?
39
Calculate the highest common factor of 416 and 640.
32
Calculate the greatest common divisor of 28 and 14.
14
Calculate the greatest common factor of 459 and 27.
27
Calculate the highest common factor of 2560 and 70.
10
What is the greatest common factor of 1416 and 96?
24
What is the highest common divisor of 135 and 27?
27
Calculate the greatest common divisor of 8149 and 58.
29
Calculate the highest common divisor of 4696 and 8.
8
Calculate the highest common divisor of 11319 and 33.
33
What is the greatest common factor of 3 and 33?
3
Calculate the highest common divisor of 16 and 16.
16
Calculate the highest common divisor of 14196 and 168.
84
What is the highest common divisor of 8525 and 31?
31
What is the highest common divisor of 705 and 60?
15
What is the greatest common divisor of 15 and 25?
5
What is the greatest common factor of 703 and 38?
19
Calculate the highest common divisor of 15 and 45.
15
What is the highest common divisor of 198 and 1518?
66
Calculate the greatest common factor of 10127 and 39.
13
Calculate the highest common factor of 868 and 1612.
124
Calculate the highest common factor of 9 and 2799.
9
Calculate the greatest common factor of 165 and 435.
15
Calculate the highest common divisor of 78 and 273.
39
What is the greatest common divisor of 3848 and 1480?
296
Calculate the greatest common divisor of 220 and 3190.
110
Calculate the highest common factor of 1264 and 528.
16
What is the highest common divisor of 41 and 41?
41
What is the greatest common divisor of 40010 and 10?
10
Calculate the greatest common factor of 45 and 117.
9
What is the highest common divisor of 1840 and 575?
115
Calculate the highest common divisor of 534 and 3026.
178
Calculate the greatest common divisor of 8 and 104.
8
Calculate the highest common factor of 56 and 5068.
28
What is the highest common factor of 207 and 1518?
69
What is the highest common factor of 10086 and 6?
6
What is the greatest common divisor of 7 and 14?
7
Calculate the greatest common factor of 208 and 28808.
104
What is the greatest common factor of 14 and 1421?
7
Calculate the greatest common divisor of 45 and 60.
15
Calculate the greatest common divisor of 219 and 584.
73
What is the highest common factor of 177 and 6?
3
What is the greatest common factor of 216 and 192?
24
What is the greatest common divisor of 1183 and 63?
7
Calculate the greatest common divisor of 4550 and 182.
182
What is the greatest common factor of 12103 and 38?
19
Calculate the greatest common divisor of 4 and 63.
1
Calculate the greatest common divisor of 56 and 28.
28
Calculate the greatest common factor of 66 and 3201.
33
What is the highest common factor of 1147 and 31?
31
What is the greatest common factor of 164 and 71996?
164
Calculate the greatest common divisor of 136 and 2414.
34
Calculate the highest common divisor of 12 and 288.
12
What is the highest common factor of 51 and 1649?
17
Calculate the highest common factor of 304 and 38.
38
What is the greatest common factor of 63 and 1071?
63
Calculate the highest common divisor of 2048 and 64.
64
What is the greatest common factor of 295 and 40?
5
What is the highest common divisor of 522 and 18?
18
What is the